{"id":5427,"date":"2024-03-16T19:40:35","date_gmt":"2024-03-16T18:40:35","guid":{"rendered":"https:\/\/www.ff.unipo.sk\/slovencina\/?page_id=5427"},"modified":"2024-03-16T19:40:54","modified_gmt":"2024-03-16T18:40:54","slug":"about-us","status":"publish","type":"page","link":"https:\/\/www.ff.unipo.sk\/slovencina\/?page_id=5427&lang=en","title":{"rendered":"ABOUT US"},"content":{"rendered":"\t\t<div data-elementor-type=\"wp-page\" data-elementor-id=\"5427\" class=\"elementor elementor-5427\">\n\t\t\t\t\t\t<section class=\"has_eae_slider elementor-section elementor-top-section elementor-element elementor-element-62ce708e elementor-section-boxed elementor-section-height-default elementor-section-height-default\" data-eae-slider=\"64702\" data-id=\"62ce708e\" data-element_type=\"section\" data-e-type=\"section\">\n\t\t\t\t\t\t<div class=\"elementor-container elementor-column-gap-default\">\n\t\t\t\t\t<div class=\"has_eae_slider elementor-column elementor-col-100 elementor-top-column elementor-element elementor-element-669f1d89\" data-eae-slider=\"5704\" data-id=\"669f1d89\" data-element_type=\"column\" data-e-type=\"column\">\n\t\t\t<div class=\"elementor-widget-wrap elementor-element-populated\">\n\t\t\t\t\t\t<div class=\"elementor-element elementor-element-54cba73c elementor-widget elementor-widget-image\" data-id=\"54cba73c\" data-element_type=\"widget\" data-e-type=\"widget\" data-widget_type=\"image.default\">\n\t\t\t\t<div class=\"elementor-widget-container\">\n\t\t\t\t\t\t\t\t\t\t\t\t\t\t\t<img fetchpriority=\"high\" decoding=\"async\" width=\"2048\" height=\"343\" src=\"https:\/\/www.ff.unipo.sk\/slovencina\/wp-content\/uploads\/2023\/05\/banner-2048x343.png\" class=\"attachment-2048x2048 size-2048x2048 wp-image-1886\" alt=\"\" srcset=\"https:\/\/www.ff.unipo.sk\/slovencina\/wp-content\/uploads\/2023\/05\/banner-2048x343.png 2048w, https:\/\/www.ff.unipo.sk\/slovencina\/wp-content\/uploads\/2023\/05\/banner-300x50.png 300w, https:\/\/www.ff.unipo.sk\/slovencina\/wp-content\/uploads\/2023\/05\/banner-1024x172.png 1024w, https:\/\/www.ff.unipo.sk\/slovencina\/wp-content\/uploads\/2023\/05\/banner-768x129.png 768w, https:\/\/www.ff.unipo.sk\/slovencina\/wp-content\/uploads\/2023\/05\/banner-1536x258.png 1536w\" sizes=\"(max-width: 2048px) 100vw, 2048px\" \/>\t\t\t\t\t\t\t\t\t\t\t\t\t\t\t<\/div>\n\t\t\t\t<\/div>\n\t\t\t\t<div class=\"elementor-element elementor-element-3ba420cd elementor-widget elementor-widget-heading\" data-id=\"3ba420cd\" data-element_type=\"widget\" data-e-type=\"widget\" data-widget_type=\"heading.default\">\n\t\t\t\t<div class=\"elementor-widget-container\">\n\t\t\t\t\t<h1 class=\"elementor-heading-title elementor-size-default\">ABOUT US<\/h1>\t\t\t\t<\/div>\n\t\t\t\t<\/div>\n\t\t\t\t\t<\/div>\n\t\t<\/div>\n\t\t\t\t\t<\/div>\n\t\t<\/section>\n\t\t\t\t<section class=\"has_eae_slider elementor-section elementor-top-section elementor-element elementor-element-22dd094 elementor-section-full_width elementor-section-height-default elementor-section-height-default\" data-eae-slider=\"86284\" data-id=\"22dd094\" data-element_type=\"section\" data-e-type=\"section\">\n\t\t\t\t\t\t<div class=\"elementor-container elementor-column-gap-default\">\n\t\t\t\t\t<div class=\"has_eae_slider elementor-column elementor-col-100 elementor-top-column elementor-element elementor-element-1c8d74b\" data-eae-slider=\"28938\" data-id=\"1c8d74b\" data-element_type=\"column\" data-e-type=\"column\">\n\t\t\t<div class=\"elementor-widget-wrap elementor-element-populated\">\n\t\t\t\t\t\t<div class=\"elementor-element elementor-element-7a5ac17 elementor-widget-divider--view-line elementor-widget elementor-widget-divider\" data-id=\"7a5ac17\" data-element_type=\"widget\" data-e-type=\"widget\" data-widget_type=\"divider.default\">\n\t\t\t\t<div class=\"elementor-widget-container\">\n\t\t\t\t\t\t\t<div class=\"elementor-divider\">\n\t\t\t<span class=\"elementor-divider-separator\">\n\t\t\t\t\t\t<\/span>\n\t\t<\/div>\n\t\t\t\t\t\t<\/div>\n\t\t\t\t<\/div>\n\t\t\t\t\t<\/div>\n\t\t<\/div>\n\t\t\t\t\t<\/div>\n\t\t<\/section>\n\t\t\t\t<section class=\"has_eae_slider elementor-section elementor-top-section elementor-element elementor-element-b05b6e6 elementor-section-boxed elementor-section-height-default elementor-section-height-default\" data-eae-slider=\"42382\" data-id=\"b05b6e6\" data-element_type=\"section\" data-e-type=\"section\">\n\t\t\t\t\t\t<div class=\"elementor-container elementor-column-gap-default\">\n\t\t\t\t\t<div class=\"has_eae_slider elementor-column elementor-col-100 elementor-top-column elementor-element elementor-element-b7930f7\" data-eae-slider=\"28017\" data-id=\"b7930f7\" data-element_type=\"column\" data-e-type=\"column\">\n\t\t\t<div class=\"elementor-widget-wrap elementor-element-populated\">\n\t\t\t\t\t\t<div class=\"elementor-element elementor-element-a0f1b23 elementor-widget elementor-widget-shortcode\" data-id=\"a0f1b23\" data-element_type=\"widget\" data-e-type=\"widget\" data-widget_type=\"shortcode.default\">\n\t\t\t\t<div class=\"elementor-widget-container\">\n\t\t\t\t\t\t\t<div class=\"elementor-shortcode\"><div id=\"flipbox-widget-2938\" class=\"cfb_wrapper layout-5 flex-row\" data-flipboxid=\"flipbox-widget-2938\" data-bootstrap-status=\"enable\" data-fontawesome-icons=\"enable\"><div class=\"flex-col-md-4 cfb-box-1 cfb-box-wrapper\">\n                        <div class=\"flipbox-container cfb-layout-5 cfb-flip cfb-hover\" data-effect=\"y\" data-height=\"equal\" >\n                            <div class=\"flipbox-front-layout flipbox-front-filled cfb-data\"  style=\"background:#e7b249\"><div class=\"flipbox-front-description\">\n                                <h4>O PROJEKTE<\/h4>\n                                <p><\/p>\n                            <\/div>\n                            <\/div>\n                            <div class=\"flipbox-back-layout cfb-data\" style=\"background:#e7b249\">\n                                <p>VIAC INFORM\u00c1CI\u00cd<\/p><a target=\"_blank\" href=\"https:\/\/www.ff.unipo.sk\/slovencina\/?page_id=2958\" style=\"color:#e7b249\" class=\"back-layout-btn\">TU<\/a><\/div>\n                        <\/div>\n                    <\/div><div class=\"flex-col-md-4 cfb-box-2 cfb-box-wrapper\">\n                        <div class=\"flipbox-container cfb-layout-5 cfb-flip cfb-hover\" data-effect=\"y\" data-height=\"equal\" >\n                            <div class=\"flipbox-front-layout flipbox-front-filled cfb-data\"  style=\"background:#58998d\"><div class=\"flipbox-front-description\">\n                                <h4>NA\u0160E AKTIVITY<\/h4>\n                                <p><\/p>\n                            <\/div>\n                            <\/div>\n                            <div class=\"flipbox-back-layout cfb-data\" style=\"background:#58998d\">\n                                <p>VIAC INFORM\u00c1CI\u00cd<\/p><a target=\"_blank\" href=\"https:\/\/www.ff.unipo.sk\/slovencina\/?page_id=2986\" style=\"color:#58998d\" class=\"back-layout-btn\">TU<\/a><\/div>\n                        <\/div>\n                    <\/div><div class=\"flex-col-md-4 cfb-box-3 cfb-box-wrapper\">\n                        <div class=\"flipbox-container cfb-layout-5 cfb-flip cfb-hover\" data-effect=\"y\" data-height=\"equal\" >\n                            <div class=\"flipbox-front-layout flipbox-front-filled cfb-data\"  style=\"background:#53ace2\"><div class=\"flipbox-front-description\">\n                                <h4>N\u00c1ZORY NA\u0160ICH \u0160TUDENTOV A \u0160TUDENTIEK<\/h4>\n                                <p><\/p>\n                            <\/div>\n                            <\/div>\n                            <div class=\"flipbox-back-layout cfb-data\" style=\"background:#53ace2\">\n                                <p>VIAC INFORM\u00c1CI\u00cd<\/p><a target=\"_blank\" href=\"https:\/\/www.ff.unipo.sk\/slovencina\/?page_id=2971\" style=\"color:#53ace2\" class=\"back-layout-btn\">TU<\/a><\/div>\n                        <\/div>\n                    <\/div><\/div><\/div>\n\t\t\t\t\t\t<\/div>\n\t\t\t\t<\/div>\n\t\t\t\t<div class=\"elementor-element elementor-element-2803ab1 elementor-widget elementor-widget-shortcode\" data-id=\"2803ab1\" data-element_type=\"widget\" data-e-type=\"widget\" data-widget_type=\"shortcode.default\">\n\t\t\t\t<div class=\"elementor-widget-container\">\n\t\t\t\t\t\t\t<div class=\"elementor-shortcode\"><div id=\"flipbox-widget-2998\" class=\"cfb_wrapper layout-5 flex-row\" data-flipboxid=\"flipbox-widget-2998\" data-bootstrap-status=\"enable\" data-fontawesome-icons=\"enable\"><div class=\"flex-col-md-4 cfb-box-1 cfb-box-wrapper\">\n                        <div class=\"flipbox-container cfb-layout-5 cfb-flip cfb-hover\" data-effect=\"y\" data-height=\"equal\" >\n                            <div class=\"flipbox-front-layout flipbox-front-filled cfb-data\"  style=\"background:#e7b249\"><div class=\"flipbox-front-description\">\n                                <h4>O N\u00c1S<\/h4>\n                                <p><\/p>\n                            <\/div>\n                            <\/div>\n                            <div class=\"flipbox-back-layout cfb-data\" style=\"background:#e7b249\">\n                                <p>VIAC INFORM\u00c1CI\u00cd<\/p><a target=\"_blank\" href=\"https:\/\/www.ff.unipo.sk\/slovencina\/?page_id=21\" style=\"color:#e7b249\" class=\"back-layout-btn\">TU<\/a><\/div>\n                        <\/div>\n                    <\/div><div class=\"flex-col-md-4 cfb-box-2 cfb-box-wrapper\">\n                        <div class=\"flipbox-container cfb-layout-5 cfb-flip cfb-hover\" data-effect=\"y\" data-height=\"equal\" >\n                            <div class=\"flipbox-front-layout flipbox-front-filled cfb-data\"  style=\"background:#58998d\"><div class=\"flipbox-front-description\">\n                                <h4>NA\u0160E PUBLIK\u00c1CIE<\/h4>\n                                <p><\/p>\n                            <\/div>\n                            <\/div>\n                            <div class=\"flipbox-back-layout cfb-data\" style=\"background:#58998d\">\n                                <p>VIAC INFORM\u00c1CI\u00cd<\/p><a target=\"_blank\" href=\"https:\/\/www.ff.unipo.sk\/slovencina\/?page_id=2992\" style=\"color:#58998d\" class=\"back-layout-btn\">TU<\/a><\/div>\n                        <\/div>\n                    <\/div><div class=\"flex-col-md-4 cfb-box-3 cfb-box-wrapper\">\n                        <div class=\"flipbox-container cfb-layout-5 cfb-flip cfb-hover\" data-effect=\"y\" data-height=\"equal\" >\n                            <div class=\"flipbox-front-layout flipbox-front-filled cfb-data\"  style=\"background:#53ace2\"><div class=\"flipbox-front-description\">\n                                <h4>SPOLUPR\u00c1CA<\/h4>\n                                <p><\/p>\n                            <\/div>\n                            <\/div>\n                            <div class=\"flipbox-back-layout cfb-data\" style=\"background:#53ace2\">\n                                <p>VIAC INFORM\u00c1CI\u00cd<br><\/p><a target=\"_blank\" href=\"https:\/\/www.ff.unipo.sk\/slovencina\/?page_id=3073\" style=\"color:#53ace2\" class=\"back-layout-btn\">TU<\/a><\/div>\n                        <\/div>\n                    <\/div><\/div><\/div>\n\t\t\t\t\t\t<\/div>\n\t\t\t\t<\/div>\n\t\t\t\t\t<\/div>\n\t\t<\/div>\n\t\t\t\t\t<\/div>\n\t\t<\/section>\n\t\t\t\t<section class=\"has_eae_slider elementor-section elementor-top-section elementor-element elementor-element-b5196e9 elementor-section-full_width elementor-section-height-default elementor-section-height-default\" data-eae-slider=\"72328\" data-id=\"b5196e9\" data-element_type=\"section\" data-e-type=\"section\">\n\t\t\t\t\t\t<div class=\"elementor-container elementor-column-gap-default\">\n\t\t\t\t\t<div class=\"has_eae_slider elementor-column elementor-col-100 elementor-top-column elementor-element elementor-element-1e09021\" data-eae-slider=\"28851\" data-id=\"1e09021\" data-element_type=\"column\" data-e-type=\"column\">\n\t\t\t<div class=\"elementor-widget-wrap\">\n\t\t\t\t\t\t\t<\/div>\n\t\t<\/div>\n\t\t\t\t\t<\/div>\n\t\t<\/section>\n\t\t\t\t<\/div>\n\t\t","protected":false},"excerpt":{"rendered":"<p>ABOUT US<\/p>\n","protected":false},"author":1,"featured_media":0,"parent":0,"menu_order":3,"comment_status":"closed","ping_status":"closed","template":"","meta":{"_acf_changed":false,"ocean_post_layout":"full-screen","ocean_both_sidebars_style":"","ocean_both_sidebars_content_width":0,"ocean_both_sidebars_sidebars_width":0,"ocean_sidebar":"","ocean_second_sidebar":"","ocean_disable_margins":"enable","ocean_add_body_class":"","ocean_shortcode_before_top_bar":"","ocean_shortcode_after_top_bar":"","ocean_shortcode_before_header":"","ocean_shortcode_after_header":"","ocean_has_shortcode":"","ocean_shortcode_after_title":"","ocean_shortcode_before_footer_widgets":"","ocean_shortcode_after_footer_widgets":"","ocean_shortcode_before_footer_bottom":"","ocean_shortcode_after_footer_bottom":"","ocean_display_top_bar":"off","ocean_display_header":"default","ocean_header_style":"","ocean_center_header_left_menu":"","ocean_custom_header_template":"","ocean_custom_logo":0,"ocean_custom_retina_logo":0,"ocean_custom_logo_max_width":0,"ocean_custom_logo_tablet_max_width":0,"ocean_custom_logo_mobile_max_width":0,"ocean_custom_logo_max_height":0,"ocean_custom_logo_tablet_max_height":0,"ocean_custom_logo_mobile_max_height":0,"ocean_header_custom_menu":"","ocean_menu_typo_font_family":"","ocean_menu_typo_font_subset":"","ocean_menu_typo_font_size":0,"ocean_menu_typo_font_size_tablet":0,"ocean_menu_typo_font_size_mobile":0,"ocean_menu_typo_font_size_unit":"px","ocean_menu_typo_font_weight":"","ocean_menu_typo_font_weight_tablet":"","ocean_menu_typo_font_weight_mobile":"","ocean_menu_typo_transform":"","ocean_menu_typo_transform_tablet":"","ocean_menu_typo_transform_mobile":"","ocean_menu_typo_line_height":0,"ocean_menu_typo_line_height_tablet":0,"ocean_menu_typo_line_height_mobile":0,"ocean_menu_typo_line_height_unit":"","ocean_menu_typo_spacing":0,"ocean_menu_typo_spacing_tablet":0,"ocean_menu_typo_spacing_mobile":0,"ocean_menu_typo_spacing_unit":"","ocean_menu_link_color":"","ocean_menu_link_color_hover":"","ocean_menu_link_color_active":"","ocean_menu_link_background":"","ocean_menu_link_hover_background":"","ocean_menu_link_active_background":"","ocean_menu_social_links_bg":"","ocean_menu_social_hover_links_bg":"","ocean_menu_social_links_color":"","ocean_menu_social_hover_links_color":"","ocean_disable_title":"on","ocean_disable_heading":"default","ocean_post_title":"","ocean_post_subheading":"","ocean_post_title_style":"","ocean_post_title_background_color":"","ocean_post_title_background":0,"ocean_post_title_bg_image_position":"","ocean_post_title_bg_image_attachment":"","ocean_post_title_bg_image_repeat":"","ocean_post_title_bg_image_size":"","ocean_post_title_height":0,"ocean_post_title_bg_overlay":0.5,"ocean_post_title_bg_overlay_color":"","ocean_disable_breadcrumbs":"default","ocean_breadcrumbs_color":"","ocean_breadcrumbs_separator_color":"","ocean_breadcrumbs_links_color":"","ocean_breadcrumbs_links_hover_color":"","ocean_display_footer_widgets":"off","ocean_display_footer_bottom":"default","ocean_custom_footer_template":"","footnotes":""},"class_list":["post-5427","page","type-page","status-publish","hentry","entry"],"acf":[],"amp_enabled":true,"_links":{"self":[{"href":"https:\/\/www.ff.unipo.sk\/slovencina\/index.php?rest_route=\/wp\/v2\/pages\/5427","targetHints":{"allow":["GET"]}}],"collection":[{"href":"https:\/\/www.ff.unipo.sk\/slovencina\/index.php?rest_route=\/wp\/v2\/pages"}],"about":[{"href":"https:\/\/www.ff.unipo.sk\/slovencina\/index.php?rest_route=\/wp\/v2\/types\/page"}],"author":[{"embeddable":true,"href":"https:\/\/www.ff.unipo.sk\/slovencina\/index.php?rest_route=\/wp\/v2\/users\/1"}],"replies":[{"embeddable":true,"href":"https:\/\/www.ff.unipo.sk\/slovencina\/index.php?rest_route=%2Fwp%2Fv2%2Fcomments&post=5427"}],"version-history":[{"count":4,"href":"https:\/\/www.ff.unipo.sk\/slovencina\/index.php?rest_route=\/wp\/v2\/pages\/5427\/revisions"}],"predecessor-version":[{"id":5432,"href":"https:\/\/www.ff.unipo.sk\/slovencina\/index.php?rest_route=\/wp\/v2\/pages\/5427\/revisions\/5432"}],"wp:attachment":[{"href":"https:\/\/www.ff.unipo.sk\/slovencina\/index.php?rest_route=%2Fwp%2Fv2%2Fmedia&parent=5427"}],"curies":[{"name":"wp","href":"https:\/\/api.w.org\/{rel}","templated":true}]}}