{"id":854,"date":"2023-03-05T23:15:02","date_gmt":"2023-03-05T22:15:02","guid":{"rendered":"https:\/\/www.ff.unipo.sk\/slovencina\/?page_id=854"},"modified":"2024-12-19T12:35:09","modified_gmt":"2024-12-19T11:35:09","slug":"nakup-v-potravinach-lexika","status":"publish","type":"page","link":"https:\/\/www.ff.unipo.sk\/slovencina\/?page_id=854","title":{"rendered":"N\u00c1KUP V POTRAVIN\u00c1CH"},"content":{"rendered":"\t\t<div data-elementor-type=\"wp-page\" data-elementor-id=\"854\" class=\"elementor elementor-854\">\n\t\t\t\t\t\t<section class=\"has_eae_slider elementor-section elementor-top-section elementor-element elementor-element-5f8f8412 elementor-section-boxed elementor-section-height-default elementor-section-height-default\" data-eae-slider=\"56201\" data-id=\"5f8f8412\" data-element_type=\"section\" data-e-type=\"section\">\n\t\t\t\t\t\t<div class=\"elementor-container elementor-column-gap-default\">\n\t\t\t\t\t<div class=\"has_eae_slider elementor-column elementor-col-100 elementor-top-column elementor-element elementor-element-2ffba26e\" data-eae-slider=\"99157\" data-id=\"2ffba26e\" data-element_type=\"column\" data-e-type=\"column\">\n\t\t\t<div class=\"elementor-widget-wrap elementor-element-populated\">\n\t\t\t\t\t\t<div class=\"elementor-element elementor-element-464ad91e elementor-widget elementor-widget-image\" data-id=\"464ad91e\" data-element_type=\"widget\" data-e-type=\"widget\" data-widget_type=\"image.default\">\n\t\t\t\t<div class=\"elementor-widget-container\">\n\t\t\t\t\t\t\t\t\t\t\t\t\t\t\t<img fetchpriority=\"high\" decoding=\"async\" width=\"2048\" height=\"343\" src=\"https:\/\/www.ff.unipo.sk\/slovencina\/wp-content\/uploads\/2023\/05\/banner-2048x343.png\" class=\"attachment-2048x2048 size-2048x2048 wp-image-1886\" alt=\"\" srcset=\"https:\/\/www.ff.unipo.sk\/slovencina\/wp-content\/uploads\/2023\/05\/banner-2048x343.png 2048w, https:\/\/www.ff.unipo.sk\/slovencina\/wp-content\/uploads\/2023\/05\/banner-300x50.png 300w, https:\/\/www.ff.unipo.sk\/slovencina\/wp-content\/uploads\/2023\/05\/banner-1024x172.png 1024w, https:\/\/www.ff.unipo.sk\/slovencina\/wp-content\/uploads\/2023\/05\/banner-768x129.png 768w, https:\/\/www.ff.unipo.sk\/slovencina\/wp-content\/uploads\/2023\/05\/banner-1536x258.png 1536w\" sizes=\"(max-width: 2048px) 100vw, 2048px\" \/>\t\t\t\t\t\t\t\t\t\t\t\t\t\t\t<\/div>\n\t\t\t\t<\/div>\n\t\t\t\t\t<\/div>\n\t\t<\/div>\n\t\t\t\t\t<\/div>\n\t\t<\/section>\n\t\t\t\t<section class=\"has_eae_slider elementor-section elementor-top-section elementor-element elementor-element-00d4297 elementor-section-boxed elementor-section-height-default elementor-section-height-default\" data-eae-slider=\"37806\" data-id=\"00d4297\" data-element_type=\"section\" data-e-type=\"section\">\n\t\t\t\t\t\t<div class=\"elementor-container elementor-column-gap-default\">\n\t\t\t\t\t<div class=\"has_eae_slider elementor-column elementor-col-100 elementor-top-column elementor-element elementor-element-643b65f\" data-eae-slider=\"49153\" data-id=\"643b65f\" data-element_type=\"column\" data-e-type=\"column\">\n\t\t\t<div class=\"elementor-widget-wrap elementor-element-populated\">\n\t\t\t\t\t\t<div class=\"elementor-element elementor-element-3365ee0 elementor-widget elementor-widget-heading\" data-id=\"3365ee0\" data-element_type=\"widget\" data-e-type=\"widget\" data-widget_type=\"heading.default\">\n\t\t\t\t<div class=\"elementor-widget-container\">\n\t\t\t\t\t<h2 class=\"elementor-heading-title elementor-size-default\">N\u00c1KUP V POTRAVIN\u00c1CH<\/h2>\t\t\t\t<\/div>\n\t\t\t\t<\/div>\n\t\t\t\t\t<\/div>\n\t\t<\/div>\n\t\t\t\t\t<\/div>\n\t\t<\/section>\n\t\t\t\t<section class=\"has_eae_slider elementor-section elementor-top-section elementor-element elementor-element-7f0918e elementor-section-boxed elementor-section-height-default elementor-section-height-default\" data-eae-slider=\"56251\" data-id=\"7f0918e\" data-element_type=\"section\" data-e-type=\"section\">\n\t\t\t\t\t\t<div class=\"elementor-container elementor-column-gap-default\">\n\t\t\t\t\t<div class=\"has_eae_slider elementor-column elementor-col-16 elementor-top-column elementor-element elementor-element-3ecf2c5\" data-eae-slider=\"4349\" data-id=\"3ecf2c5\" data-element_type=\"column\" data-e-type=\"column\">\n\t\t\t<div class=\"elementor-widget-wrap\">\n\t\t\t\t\t\t\t<\/div>\n\t\t<\/div>\n\t\t\t\t<div class=\"has_eae_slider elementor-column elementor-col-66 elementor-top-column elementor-element elementor-element-18666bf\" data-eae-slider=\"58959\" data-id=\"18666bf\" data-element_type=\"column\" data-e-type=\"column\">\n\t\t\t<div class=\"elementor-widget-wrap elementor-element-populated\">\n\t\t\t\t\t\t<div class=\"elementor-element elementor-element-87fa7c1 elementor-widget elementor-widget-text-editor\" data-id=\"87fa7c1\" data-element_type=\"widget\" data-e-type=\"widget\" data-widget_type=\"text-editor.default\">\n\t\t\t\t<div class=\"elementor-widget-container\">\n\t\t\t\t\t\t\t\t\t<table><tbody><tr><td width=\"208\"><p>bor\u0161\u010d<\/p><\/td><td width=\"225\"><p>\u0431\u043e\u0440\u0449<\/p><\/td><td width=\"172\"><p>borsch<\/p><\/td><\/tr><tr><td width=\"208\"><p>bryndza<\/p><\/td><td width=\"225\"><p>\u0431\u0440\u0438\u043d\u0437\u0430<\/p><\/td><td width=\"172\"><p>sheep cheese<\/p><\/td><\/tr><tr><td width=\"208\"><p>bryndzov\u00e9 halu\u0161ky<\/p><\/td><td width=\"225\"><p>\u0433\u0430\u043b\u0443\u0448\u043a\u0438 (\u043a\u0430\u0440\u0442\u043e\u043f\u043b\u044f\u043d\u0456) \u0456\u0437 \u0431\u0440\u0438\u043d\u0437\u043e\u044e<\/p><\/td><td width=\"172\"><p>potato dumplings with sheep cheese\u00a0<\/p><\/td><\/tr><tr><td width=\"208\"><p>\u010derstv\u00fd<\/p><\/td><td width=\"225\"><p>\u0441\u0432\u0456\u0436\u0438\u0439<\/p><\/td><td width=\"172\"><p>fresh\u00a0<\/p><\/td><\/tr><tr><td width=\"208\"><p>\u010dudn\u00fd<\/p><\/td><td width=\"225\"><p>\u0434\u0438\u0432\u043d\u0438\u0439<\/p><\/td><td width=\"172\"><p>strange\u00a0<\/p><\/td><\/tr><tr><td width=\"208\"><p>dezert<\/p><\/td><td width=\"225\"><p>\u0434\u0435\u0441\u0435\u0440\u0442<\/p><\/td><td width=\"172\"><p>dessert<\/p><\/td><\/tr><tr><td width=\"208\"><p>dr\u017ekov\u00e1 polievka<\/p><\/td><td width=\"225\"><p>\u0433\u0443\u0441\u0442\u0438\u0439 \u043d\u0430\u0432\u0430\u0440\u0438\u0441\u0442\u0438\u0439 \u0441\u0443\u043f \u0437 \u043a\u043e\u0440\u043e\u0432\u02bc\u044f\u0447\u043e\u0433\u043e \u0448\u043b\u0443\u043d\u043a\u0443, \u0442\u0437\u0432. \u0440\u0443\u0431\u0446\u044f<\/p><\/td><td width=\"172\"><p>tripe soup\u00a0<\/p><\/td><\/tr><tr><td width=\"208\"><p>hotovos\u0165<\/p><\/td><td width=\"225\"><p>\u0433\u043e\u0442\u0456\u0432\u043a\u0430<\/p><\/td><td width=\"172\"><p>cash\u00a0<\/p><\/td><\/tr><tr><td width=\"208\"><p>hydina<\/p><\/td><td width=\"225\"><p>\u043c\u02bc\u044f\u0441\u043e \u043f\u0442\u0438\u0446\u0456<\/p><\/td><td width=\"172\"><p>poultry\u00a0<\/p><\/td><\/tr><tr><td width=\"208\"><p>chladen\u00fd<\/p><\/td><td width=\"225\"><p>\u043e\u0445\u043e\u043b\u043e\u0434\u0436\u0435\u043d\u0438\u0439<\/p><\/td><td width=\"172\"><p>chilled<\/p><\/td><\/tr><tr><td width=\"208\"><p>chlieb<\/p><\/td><td width=\"225\"><p>\u0445\u043b\u0456\u0431<\/p><\/td><td width=\"172\"><p>bread\u00a0<\/p><\/td><\/tr><tr><td width=\"208\"><p>chu\u0165<\/p><\/td><td width=\"225\"><p>\u0441\u043c\u0430\u043a<\/p><\/td><td width=\"172\"><p>taste\u00a0<\/p><\/td><\/tr><tr><td width=\"208\"><p>jablko<\/p><\/td><td width=\"225\"><p>\u044f\u0431\u043b\u0443\u043a\u043e<\/p><\/td><td width=\"172\"><p>apple<\/p><\/td><\/tr><tr><td width=\"208\"><p>(\u0161kolsk\u00e1) jed\u00e1le\u0148<\/p><\/td><td width=\"225\"><p>\u0457\u0434\u0430\u043b\u044c\u043d\u044f<\/p><\/td><td width=\"172\"><p>canteen<\/p><\/td><\/tr><tr><td width=\"208\"><p>jed\u00e1va\u0165, jest<\/p><\/td><td width=\"225\"><p>\u0457\u0441\u0442\u0438 \u0437\u0430\u0437\u0432\u0438\u0447\u0430\u0439<\/p><\/td><td width=\"172\"><p>to eat<\/p><\/td><\/tr><tr><td width=\"208\"><p>jedlo<\/p><\/td><td width=\"225\"><p>1.\u0441\u0442\u0440\u0430\u0432\u0430,<\/p><p>2. \u0457\u0436\u0430<\/p><\/td><td width=\"172\"><p>food, meal\u00a0<\/p><\/td><\/tr><tr><td width=\"208\"><p>karta (platobn\u00e1, kreditn\u00e1)<\/p><\/td><td width=\"225\"><p>\u043a\u0440\u0435\u0434\u0438\u0442\u043d\u0430 \u043a\u0430\u0440\u0442\u043a\u0430<\/p><\/td><td width=\"172\"><p>payment\/credit card\u00a0<\/p><\/td><\/tr><tr><td width=\"208\"><p>kapustnica<\/p><\/td><td width=\"225\"><p>\u0440\u0456\u0437\u0434\u0432\u044f\u043d\u0438\u0439 \u0441\u0443\u043f \u0437 \u043a\u0438\u0441\u043b\u043e\u0457 \u043a\u0430\u043f\u0443\u0441\u0442\u0438 \u0442\u0430 \u0441\u0443\u0448\u0435\u043d\u0438\u0445 \u0433\u0440\u0438\u0431\u0456\u0432<\/p><\/td><td width=\"172\"><p>cabbage soup\u00a0<\/p><\/td><\/tr><tr><td width=\"208\"><p>komplikovan\u00fd<\/p><\/td><td width=\"225\"><p>\u0441\u043a\u043b\u0430\u0434\u043d\u0438\u0439<\/p><\/td><td width=\"172\"><p>complicated\u00a0<\/p><\/td><\/tr><tr><td width=\"208\"><p>k\u00f4por<\/p><\/td><td width=\"225\"><p>\u043a\u0440\u0456\u043f<\/p><\/td><td width=\"172\"><p>dill\u00a0<\/p><\/td><\/tr><tr><td width=\"208\"><p>kned\u013ea<\/p><\/td><td width=\"225\"><p>\u0433\u0430\u0440\u043d\u0456\u0440 \u0437 \u0434\u0440\u0456\u0436\u0434\u0436\u043e\u0432\u043e\u0433\u043e \u0442\u0456\u0441\u0442\u0430 \u043f\u0440\u0438\u0433\u043e\u0442\u043e\u0432\u0430\u043d\u0438\u0439 \u043d\u0430 \u043f\u0430\u0440\u0456 \u0456 \u043f\u043e\u0440\u0456\u0437\u0430\u043d\u0438\u0439 \u043d\u0430 \u0448\u043c\u0430\u0442\u043a\u0438, \u043f\u043e\u0434\u0456\u0431\u043d\u0456 \u043d\u0430 \u0445\u043b\u0456\u0431, \u043a\u043d\u0435\u0434\u043b\u0438\u043a (\u043f\u043e\u0434\u0430\u0454\u0442\u044c\u0441\u044f \u0434\u043e \u043c\u00b4\u044f\u0441\u043d\u0438\u0445 \u0441\u0442\u0440\u0430\u0432 \u0456\u0437 \u0441\u043e\u0443\u0441\u043e\u043c)<\/p><\/td><td width=\"172\"><p>dumpling<\/p><\/td><\/tr><tr><td width=\"208\"><p>komp\u00f3t<\/p><\/td><td width=\"225\"><p>\u043a\u043e\u043d\u0441\u0435\u0440\u0432\u043e\u0432\u0430\u043d\u0456 \u0444\u0440\u0443\u043a\u0442\u0438 \u0443 \u0441\u043e\u043b\u043e\u0434\u043a\u043e\u043c\u0443 \u0441\u0438\u0440\u043e\u043f\u0456<\/p><\/td><td width=\"172\"><p>compote, stewed fruits, preserves<\/p><\/td><\/tr><tr><td width=\"208\"><p>kr\u00e9mov\u00e1 polievka<\/p><\/td><td width=\"225\"><p>\u0441\u0443\u043f-\u043f\u044e\u0440\u0435<\/p><\/td><td width=\"172\"><p>cream soup<\/p><\/td><\/tr><tr><td width=\"208\"><p>kuracina<\/p><\/td><td width=\"225\"><p>\u043a\u0443\u0440\u044f\u0442\u0438\u043d\u0430<\/p><\/td><td width=\"172\"><p>chicken\u00a0<\/p><\/td><\/tr><tr><td width=\"208\"><p>kysl\u00e1 smotana<\/p><\/td><td width=\"225\"><p>\u0441\u043c\u0435\u0442\u0430\u043d\u0430<\/p><\/td><td width=\"172\"><p>sour cream\u00a0\u00a0<\/p><\/td><\/tr><tr><td width=\"208\"><p>mandar\u00ednka<\/p><\/td><td width=\"225\"><p>\u043c\u0430\u043d\u0434\u0430\u0440\u0438\u043d<\/p><\/td><td width=\"172\"><p>tangerine<\/p><\/td><\/tr><tr><td width=\"208\"><p>m\u00e4so<\/p><\/td><td width=\"225\"><p>\u043c\u00b4\u044f\u0441\u043e<\/p><\/td><td width=\"172\"><p>meat<\/p><\/td><\/tr><tr><td width=\"208\"><p>mlie\u010dny<\/p><\/td><td width=\"225\"><p>\u043c\u043e\u043b\u043e\u0447\u043d\u0438\u0439<\/p><\/td><td width=\"172\"><p>milky<\/p><\/td><\/tr><tr><td width=\"208\"><p>m\u00fa\u010dne jedl\u00e1<\/p><\/td><td width=\"225\"><p>\u043c\u0443\u0447\u043d\u0456 \u0441\u0442\u0440\u0430\u0432\u0438<\/p><\/td><td width=\"172\"><p>flour-based meals\u00a0<\/p><\/td><\/tr><tr><td width=\"208\"><p>n\u00e1kup<\/p><\/td><td width=\"225\"><p>1. \u043a\u0443\u043f\u0456\u0432\u043b\u044f, \u043a\u0443\u043f\u0443\u0432\u0430\u043d\u043d\u044f,<\/p><p>2. \u043f\u043e\u043a\u0443\u043f\u043a\u0430<\/p><\/td><td width=\"172\"><p>shopping\u00a0<\/p><\/td><\/tr><tr><td width=\"208\"><p>n\u00e1pl\u0148<\/p><\/td><td width=\"225\"><p>\u043d\u0430\u0447\u0438\u043d\u043a\u0430<\/p><\/td><td width=\"172\"><p>filling<\/p><\/td><\/tr><tr><td width=\"208\"><p>n\u00e1poj<\/p><\/td><td width=\"225\"><p>\u043d\u0430\u043f\u0456\u0439<\/p><\/td><td width=\"172\"><p>drink<\/p><\/td><\/tr><tr><td width=\"208\"><p>n\u00e1tierka<\/p><\/td><td width=\"225\"><p>\u043d\u0430\u043c\u0430\u0437\u043a\u0430<\/p><\/td><td width=\"172\"><p>spread\u00a0<\/p><\/td><\/tr><tr><td width=\"208\"><p>obchod<\/p><\/td><td width=\"225\"><p>\u043c\u0430\u0433\u0430\u0437\u0438\u043d<\/p><\/td><td width=\"172\"><p>shop\u00a0<\/p><\/td><\/tr><tr><td width=\"208\"><p>objedna\u0165<\/p><\/td><td width=\"225\"><p>\u0437\u0430\u043c\u043e\u0432\u0438\u0442\u0438<\/p><\/td><td width=\"172\"><p>to order<\/p><\/td><\/tr><tr><td width=\"208\"><p>om\u00e1\u010dka<\/p><\/td><td width=\"225\"><p>\u0441\u043e\u0443\u0441<\/p><\/td><td width=\"172\"><p>sauce\u00a0<\/p><\/td><\/tr><tr><td width=\"208\"><p>ovocie<\/p><\/td><td width=\"225\"><p>\u0444\u0440\u0443\u043a\u0442\u0438<\/p><\/td><td width=\"172\"><p>fruit\u00a0(noun)<\/p><\/td><\/tr><tr><td width=\"208\"><p>ovocn\u00fd<\/p><\/td><td width=\"225\"><p>\u0444\u0440\u0443\u043a\u0442\u043e\u0432\u0438\u0439<\/p><\/td><td width=\"172\"><p>fruit\u00a0(adjective)<\/p><\/td><\/tr><tr><td width=\"208\"><p>paradajka<\/p><\/td><td width=\"225\"><p>\u043f\u043e\u043c\u0456\u0434\u043e\u0440<\/p><\/td><td width=\"172\"><p>tomato\u00a0<\/p><\/td><\/tr><tr><td width=\"208\"><p>pe\u010divo<\/p><\/td><td width=\"225\"><p>\u0432\u0438\u043f\u0456\u0447\u043a\u0430, \u0437\u0434\u043e\u0431\u0430<\/p><\/td><td width=\"172\"><p>baked goods, bread, pastry<\/p><\/td><\/tr><tr><td width=\"208\"><p>petr\u017elen<\/p><\/td><td width=\"225\"><p>\u043f\u0435\u0442\u0440\u0443\u0448\u043a\u0430<\/p><\/td><td width=\"172\"><p>parsley\u00a0<\/p><\/td><\/tr><tr><td width=\"208\"><p>pirohy<\/p><\/td><td width=\"225\"><p>\u0432\u0430\u0440\u0435\u043d\u0438\u043a\u0438<\/p><\/td><td width=\"172\"><p>pirogi (dumplings\/ravioli filled with potatoes), pasties\u00a0<\/p><\/td><\/tr><tr><td width=\"208\"><p>plati\u0165<\/p><\/td><td width=\"225\"><p>\u043f\u043b\u0430\u0442\u0438\u0442\u0438<\/p><\/td><td width=\"172\"><p>to pay<\/p><\/td><\/tr><tr><td width=\"208\"><p>poch\u00fa\u0165kov\u00e1 smotana<\/p><\/td><td width=\"225\"><p>\u0441\u043c\u0435\u0442\u0430\u043d\u0430 \u0434\u0435\u043b\u0456\u043a\u0430\u0442\u0435\u0441\u043d\u0430, \u043c\u0430\u0454 \u043a\u0438\u0441\u043b\u0438\u0439 \u0441\u043c\u0430\u043a<\/p><\/td><td width=\"172\"><p>sour cream\u00a0<\/p><\/td><\/tr><tr><td width=\"208\"><p>poklad\u0148a<\/p><\/td><td width=\"225\"><p>\u043a\u0430\u0441\u0430<\/p><\/td><td width=\"172\"><p>cash desk\u00a0<\/p><\/td><\/tr><tr><td width=\"208\"><p>polievka<\/p><\/td><td width=\"225\"><p>\u0441\u0443\u043f<\/p><\/td><td width=\"172\"><p>soup\u00a0<\/p><\/td><\/tr><tr><td width=\"208\"><p>potraviny<\/p><\/td><td width=\"225\"><p>1.\u043f\u0440\u043e\u0434\u0443\u043a\u0442\u0438 \u0445\u0430\u0440\u0447\u0443\u0432\u0430\u043d\u043d\u044f,<\/p><p>2.\u043f\u0440\u043e\u0434\u0443\u043a\u0442\u043e\u0432\u0438\u0439 \u043c\u0430\u0433\u0430\u0437\u0438\u043d<\/p><\/td><td width=\"172\"><p>food (stuff)\/groceries\u00a0<\/p><\/td><\/tr><tr><td width=\"208\"><p>prekvapen\u00fd<\/p><\/td><td width=\"225\"><p>\u0437\u0434\u0438\u0432\u043e\u0432\u0430\u043d\u0438\u0439<\/p><\/td><td width=\"172\"><p>surprised<\/p><\/td><\/tr><tr><td width=\"208\"><p>pr\u00edloha<\/p><\/td><td width=\"225\"><p>\u0433\u0430\u0440\u043d\u0456\u0440<\/p><\/td><td width=\"172\"><p>side dish\u00a0<\/p><\/td><\/tr><tr><td width=\"208\"><p>ra\u0148ajky<\/p><\/td><td width=\"225\"><p>\u0441\u043d\u0456\u0434\u0430\u043d\u043e\u043a<\/p><\/td><td width=\"172\"><p>breakfast\u00a0<\/p><\/td><\/tr><tr><td width=\"208\"><p>re\u0161taur\u00e1cia<\/p><\/td><td width=\"225\"><p>\u0440\u0435\u0441\u0442\u043e\u0440\u0430\u043d<\/p><\/td><td width=\"172\"><p>restaurant<\/p><\/td><\/tr><tr><td width=\"208\"><p>ro\u017eok<\/p><\/td><td width=\"225\"><p>\u0440\u043e\u0433\u0430\u043b\u0438\u043a<\/p><\/td><td width=\"172\"><p>bread roll\u00a0<\/p><\/td><\/tr><tr><td width=\"208\"><p>ry\u017ea<\/p><\/td><td width=\"225\"><p>\u0440\u0438\u0441<\/p><\/td><td width=\"172\"><p>rice\u00a0<\/p><\/td><\/tr><tr><td width=\"208\"><p>smotana<\/p><\/td><td width=\"225\"><p>\u0441\u043c\u0435\u0442\u0430\u043d\u0430, \u0432\u0435\u0440\u0448\u043a\u0438<\/p><\/td><td width=\"172\"><p>cream\u00a0<\/p><\/td><\/tr><tr><td width=\"208\"><p>smotana na \u0161\u013eahanie<\/p><\/td><td width=\"225\"><p>\u0432\u0435\u0440\u0448\u043a\u0438 \u0434\u043b\u044f \u0437\u0431\u0438\u0432\u0430\u043d\u043d\u044f<\/p><\/td><td width=\"172\"><p>double cream\/whipping cream\u00a0<\/p><\/td><\/tr><tr><td width=\"208\"><p>smotana na varenie<\/p><\/td><td width=\"225\"><p>\u0440\u0456\u0434\u043a\u0456 \u0432\u0435\u0440\u0448\u043a\u0438<\/p><\/td><td width=\"172\"><p>light\/single cream\u00a0<\/p><\/td><\/tr><tr><td width=\"208\"><p>studen\u00fd<\/p><\/td><td width=\"225\"><p>\u0445\u043e\u043b\u043e\u0434\u043d\u0438\u0439<\/p><\/td><td width=\"172\"><p>cold<\/p><\/td><\/tr><tr><td width=\"208\"><p>svie\u017ei<\/p><\/td><td width=\"225\"><p>\u043e\u0441\u0432\u0456\u0436\u0430\u044e\u0447\u0438\u0439<\/p><\/td><td width=\"172\"><p>fresh\u00a0<\/p><\/td><\/tr><tr><td width=\"208\"><p>\u0161al\u00e1t<\/p><\/td><td width=\"225\"><p>\u0441\u0430\u043b\u0430\u0442<\/p><\/td><td width=\"172\"><p>salad\/lettuce\u00a0<\/p><\/td><\/tr><tr><td width=\"208\"><p>\u0161pecialita<\/p><\/td><td width=\"225\"><p>\u0441\u0442\u0440\u0430\u0432\u0430 \u043d\u0430\u0446\u0456\u043e\u043d\u0430\u043b\u044c\u043d\u043e\u0457 \u043a\u0443\u0445\u043d\u0456, \u0444\u0456\u0440\u043c\u043e\u0432\u0430 \u0441\u0442\u0440\u0430\u0432\u0430<\/p><\/td><td width=\"172\"><p>speciality\u00a0<\/p><\/td><\/tr><tr><td width=\"208\"><p>tepl\u00fd<\/p><\/td><td width=\"225\"><p>\u0442\u0435\u043f\u043b\u0438\u0439<\/p><\/td><td width=\"172\"><p>warm<\/p><\/td><\/tr><tr><td width=\"208\"><p>torta<\/p><\/td><td width=\"225\"><p>\u0442\u043e\u0440\u0442<\/p><\/td><td width=\"172\"><p>cake<\/p><\/td><\/tr><tr><td width=\"208\"><p>uhorka<\/p><\/td><td width=\"225\"><p>\u043e\u0433\u0456\u0440\u043e\u043a<\/p><\/td><td width=\"172\"><p>cucumber\u00a0<\/p><\/td><\/tr><tr><td width=\"208\"><p>upiec\u0165<\/p><\/td><td width=\"225\"><p>\u0441\u043f\u0435\u043a\u0442\u0438<\/p><\/td><td width=\"172\"><p>to bake<\/p><\/td><\/tr><tr><td width=\"208\"><p>Vianoce<\/p><\/td><td width=\"225\"><p>\u0420\u0456\u0437\u0434\u0432\u043e<\/p><\/td><td width=\"172\"><p>Christmas<\/p><\/td><\/tr><tr><td width=\"208\"><p>vhodn\u00fd<\/p><\/td><td width=\"225\"><p>\u044f\u043a\u0438\u0439 \u043f\u0456\u0434\u0445\u043e\u0434\u0438\u0442\u044c \u0434\u043b\u044f \u0447\u043e\u0433\u043e\u0441\u044c, \u0434\u043e\u0440\u0435\u0447\u043d\u0438\u0439<\/p><\/td><td width=\"172\"><p>suitable<\/p><\/td><\/tr><tr><td width=\"208\"><p>v\u0148a\u0165<\/p><\/td><td width=\"225\"><p>\u0437\u0435\u043b\u0435\u043d\u0430 \u0447\u0430\u0441\u0442\u0438\u043d\u0430 \u043a\u043e\u0440\u0435\u043d\u0435\u043f\u043b\u043e\u0434\u0456\u0432, \u0437\u0435\u043b\u0435\u043d\u044c<\/p><\/td><td width=\"172\"><p>tops\u00a0<\/p><\/td><\/tr><tr><td width=\"208\"><p>v\u00fdborn\u00fd (o jedle)<\/p><\/td><td width=\"225\"><p>\u0432\u0456\u0434\u043c\u0456\u043d\u043d\u0438\u0439, \u0434\u0443\u0436\u0435 \u0441\u043c\u0430\u0447\u043d\u0438\u0439<\/p><\/td><td width=\"172\"><p>delicious<\/p><\/td><\/tr><tr><td width=\"208\"><p>v\u00fdrobok<\/p><\/td><td width=\"225\"><p>\u0432\u0438\u0440\u0456\u0431, \u043f\u0440\u043e\u0434\u0443\u043a\u0442<\/p><\/td><td width=\"172\"><p>product<\/p><\/td><\/tr><tr><td width=\"208\"><p>zahusti\u0165<\/p><\/td><td width=\"225\"><p>\u0437\u0430\u043f\u0440\u0430\u0432\u0438\u0442\u0438, \u0437\u0440\u043e\u0431\u0438\u0442\u0438 \u0433\u0443\u0441\u0442\u0456\u0448\u0438\u043c<\/p><\/td><td width=\"172\"><p>to thicken<\/p><\/td><\/tr><tr><td width=\"208\"><p>zelenina<\/p><\/td><td width=\"225\"><p>\u043e\u0432\u043e\u0447\u0456<\/p><\/td><td width=\"172\"><p>vegetables\u00a0<\/p><\/td><\/tr><tr><td width=\"208\"><p>zeleninov\u00fd<\/p><\/td><td width=\"225\"><p>\u043e\u0432\u043e\u0447\u0435\u0432\u0438\u0439<\/p><\/td><td width=\"172\"><p>vegetable (adjective)<\/p><\/td><\/tr><tr><td width=\"208\"><p>zemiaky<\/p><\/td><td width=\"225\"><p>\u043a\u0430\u0440\u0442\u043e\u043f\u043b\u044f<\/p><\/td><td width=\"172\"><p>potatoes<\/p><\/td><\/tr><tr><td width=\"208\"><p>zemiakov\u00e9 placky \u00a0<\/p><\/td><td width=\"225\"><p>\u0434\u0435\u0440\u0443\u043d\u0438<\/p><\/td><td width=\"172\"><p>potato pancakes\u00a0<\/p><\/td><\/tr><tr><td width=\"208\"><p>zvl\u00e1\u0161tny<\/p><\/td><td width=\"225\"><p>\u0434\u0438\u0432\u043d\u0438\u0439, \u043d\u0435\u0437\u0432\u0438\u0447\u043d\u0438\u0439<\/p><\/td><td width=\"172\"><p>odd\u00a0<\/p><\/td><\/tr><tr><td width=\"208\"><p>zvykn\u00fa\u0165 si<\/p><\/td><td width=\"225\"><p>\u0437\u0432\u0438\u043a\u043d\u0443\u0442\u0438<\/p><\/td><td width=\"172\"><p>to get used<\/p><\/td><\/tr><tr><td width=\"208\"><p>\u017eem\u013ea<\/p><\/td><td width=\"225\"><p>\u0431\u0443\u043b\u043a\u0430<\/p><\/td><td width=\"172\"><p>bun<\/p><\/td><\/tr><\/tbody><\/table>\t\t\t\t\t\t\t\t<\/div>\n\t\t\t\t<\/div>\n\t\t\t\t\t<\/div>\n\t\t<\/div>\n\t\t\t\t<div class=\"has_eae_slider elementor-column elementor-col-16 elementor-top-column elementor-element elementor-element-3251986\" data-eae-slider=\"59961\" data-id=\"3251986\" data-element_type=\"column\" data-e-type=\"column\">\n\t\t\t<div class=\"elementor-widget-wrap\">\n\t\t\t\t\t\t\t<\/div>\n\t\t<\/div>\n\t\t\t\t\t<\/div>\n\t\t<\/section>\n\t\t\t\t<\/div>\n\t\t","protected":false},"excerpt":{"rendered":"<p>N\u00c1KUP V POTRAVIN\u00c1CH bor\u0161\u010d \u0431\u043e\u0440\u0449 borsch bryndza \u0431\u0440\u0438\u043d\u0437\u0430 sheep cheese bryndzov\u00e9 halu\u0161ky \u0433\u0430\u043b\u0443\u0448\u043a\u0438 (\u043a\u0430\u0440\u0442\u043e\u043f\u043b\u044f\u043d\u0456) \u0456\u0437 \u0431\u0440\u0438\u043d\u0437\u043e\u044e potato dumplings with sheep cheese\u00a0 \u010derstv\u00fd \u0441\u0432\u0456\u0436\u0438\u0439 fresh\u00a0 \u010dudn\u00fd \u0434\u0438\u0432\u043d\u0438\u0439 strange\u00a0 dezert \u0434\u0435\u0441\u0435\u0440\u0442 dessert dr\u017ekov\u00e1 polievka \u0433\u0443\u0441\u0442\u0438\u0439 \u043d\u0430\u0432\u0430\u0440\u0438\u0441\u0442\u0438\u0439 \u0441\u0443\u043f \u0437 \u043a\u043e\u0440\u043e\u0432\u02bc\u044f\u0447\u043e\u0433\u043e \u0448\u043b\u0443\u043d\u043a\u0443, \u0442\u0437\u0432. \u0440\u0443\u0431\u0446\u044f tripe soup\u00a0 hotovos\u0165 \u0433\u043e\u0442\u0456\u0432\u043a\u0430 cash\u00a0 hydina \u043c\u02bc\u044f\u0441\u043e \u043f\u0442\u0438\u0446\u0456 poultry\u00a0 chladen\u00fd \u043e\u0445\u043e\u043b\u043e\u0434\u0436\u0435\u043d\u0438\u0439 chilled chlieb \u0445\u043b\u0456\u0431 bread\u00a0 [&hellip;]<\/p>\n","protected":false},"author":1,"featured_media":0,"parent":808,"menu_order":6,"comment_status":"closed","ping_status":"closed","template":"","meta":{"_acf_changed":false,"ocean_post_layout":"full-screen","ocean_both_sidebars_style":"","ocean_both_sidebars_content_width":0,"ocean_both_sidebars_sidebars_width":0,"ocean_sidebar":"0","ocean_second_sidebar":"0","ocean_disable_margins":"enable","ocean_add_body_class":"","ocean_shortcode_before_top_bar":"","ocean_shortcode_after_top_bar":"","ocean_shortcode_before_header":"","ocean_shortcode_after_header":"","ocean_has_shortcode":"","ocean_shortcode_after_title":"","ocean_shortcode_before_footer_widgets":"","ocean_shortcode_after_footer_widgets":"","ocean_shortcode_before_footer_bottom":"","ocean_shortcode_after_footer_bottom":"","ocean_display_top_bar":"off","ocean_display_header":"default","ocean_header_style":"","ocean_center_header_left_menu":"0","ocean_custom_header_template":"0","ocean_custom_logo":0,"ocean_custom_retina_logo":0,"ocean_custom_logo_max_width":0,"ocean_custom_logo_tablet_max_width":0,"ocean_custom_logo_mobile_max_width":0,"ocean_custom_logo_max_height":0,"ocean_custom_logo_tablet_max_height":0,"ocean_custom_logo_mobile_max_height":0,"ocean_header_custom_menu":"0","ocean_menu_typo_font_family":"0","ocean_menu_typo_font_subset":"","ocean_menu_typo_font_size":0,"ocean_menu_typo_font_size_tablet":0,"ocean_menu_typo_font_size_mobile":0,"ocean_menu_typo_font_size_unit":"px","ocean_menu_typo_font_weight":"","ocean_menu_typo_font_weight_tablet":"","ocean_menu_typo_font_weight_mobile":"","ocean_menu_typo_transform":"","ocean_menu_typo_transform_tablet":"","ocean_menu_typo_transform_mobile":"","ocean_menu_typo_line_height":0,"ocean_menu_typo_line_height_tablet":0,"ocean_menu_typo_line_height_mobile":0,"ocean_menu_typo_line_height_unit":"","ocean_menu_typo_spacing":0,"ocean_menu_typo_spacing_tablet":0,"ocean_menu_typo_spacing_mobile":0,"ocean_menu_typo_spacing_unit":"","ocean_menu_link_color":"","ocean_menu_link_color_hover":"","ocean_menu_link_color_active":"","ocean_menu_link_background":"","ocean_menu_link_hover_background":"","ocean_menu_link_active_background":"","ocean_menu_social_links_bg":"","ocean_menu_social_hover_links_bg":"","ocean_menu_social_links_color":"","ocean_menu_social_hover_links_color":"","ocean_disable_title":"on","ocean_disable_heading":"default","ocean_post_title":"","ocean_post_subheading":"","ocean_post_title_style":"","ocean_post_title_background_color":"","ocean_post_title_background":0,"ocean_post_title_bg_image_position":"","ocean_post_title_bg_image_attachment":"","ocean_post_title_bg_image_repeat":"","ocean_post_title_bg_image_size":"","ocean_post_title_height":0,"ocean_post_title_bg_overlay":0.5,"ocean_post_title_bg_overlay_color":"","ocean_disable_breadcrumbs":"default","ocean_breadcrumbs_color":"","ocean_breadcrumbs_separator_color":"","ocean_breadcrumbs_links_color":"","ocean_breadcrumbs_links_hover_color":"","ocean_display_footer_widgets":"off","ocean_display_footer_bottom":"default","ocean_custom_footer_template":"0","footnotes":""},"class_list":["post-854","page","type-page","status-publish","hentry","entry"],"acf":[],"amp_enabled":true,"_links":{"self":[{"href":"https:\/\/www.ff.unipo.sk\/slovencina\/index.php?rest_route=\/wp\/v2\/pages\/854","targetHints":{"allow":["GET"]}}],"collection":[{"href":"https:\/\/www.ff.unipo.sk\/slovencina\/index.php?rest_route=\/wp\/v2\/pages"}],"about":[{"href":"https:\/\/www.ff.unipo.sk\/slovencina\/index.php?rest_route=\/wp\/v2\/types\/page"}],"author":[{"embeddable":true,"href":"https:\/\/www.ff.unipo.sk\/slovencina\/index.php?rest_route=\/wp\/v2\/users\/1"}],"replies":[{"embeddable":true,"href":"https:\/\/www.ff.unipo.sk\/slovencina\/index.php?rest_route=%2Fwp%2Fv2%2Fcomments&post=854"}],"version-history":[{"count":24,"href":"https:\/\/www.ff.unipo.sk\/slovencina\/index.php?rest_route=\/wp\/v2\/pages\/854\/revisions"}],"predecessor-version":[{"id":7852,"href":"https:\/\/www.ff.unipo.sk\/slovencina\/index.php?rest_route=\/wp\/v2\/pages\/854\/revisions\/7852"}],"up":[{"embeddable":true,"href":"https:\/\/www.ff.unipo.sk\/slovencina\/index.php?rest_route=\/wp\/v2\/pages\/808"}],"wp:attachment":[{"href":"https:\/\/www.ff.unipo.sk\/slovencina\/index.php?rest_route=%2Fwp%2Fv2%2Fmedia&parent=854"}],"curies":[{"name":"wp","href":"https:\/\/api.w.org\/{rel}","templated":true}]}}