{"id":2483,"date":"2024-05-26T22:24:35","date_gmt":"2024-05-26T20:24:35","guid":{"rendered":"https:\/\/www.ff.unipo.sk\/slovotvorna-komisia\/?page_id=2483"},"modified":"2026-01-28T21:25:47","modified_gmt":"2026-01-28T20:25:47","slug":"olostiak","status":"publish","type":"page","link":"https:\/\/www.ff.unipo.sk\/slovotvorna-komisia\/clenovia-komisie\/olostiak\/","title":{"rendered":"Martin OLO\u0160TIAK"},"content":{"rendered":"\t\t<div data-elementor-type=\"wp-page\" data-elementor-id=\"2483\" class=\"elementor elementor-2483\">\n\t\t\t\t\t\t<section class=\"elementor-section elementor-top-section elementor-element elementor-element-92e8863 elementor-section-content-middle elementor-section-boxed elementor-section-height-default elementor-section-height-default\" data-id=\"92e8863\" data-element_type=\"section\" data-e-type=\"section\" data-settings=\"{&quot;background_background&quot;:&quot;classic&quot;}\">\n\t\t\t\t\t\t\t<div class=\"elementor-background-overlay\"><\/div>\n\t\t\t\t\t\t\t<div class=\"elementor-container elementor-column-gap-no\">\n\t\t\t\t\t<div class=\"elementor-column elementor-col-100 elementor-top-column elementor-element elementor-element-fc4e00e\" data-id=\"fc4e00e\" data-element_type=\"column\" data-e-type=\"column\">\n\t\t\t<div class=\"elementor-widget-wrap elementor-element-populated\">\n\t\t\t\t<div class=\"elementor-element elementor-element-c7da904 e-grid e-con-boxed e-con e-parent\" data-id=\"c7da904\" data-element_type=\"container\" data-e-type=\"container\">\n\t\t\t\t\t<div class=\"e-con-inner\">\n\t\t\t\t<div class=\"elementor-element elementor-element-5a61a8f elementor-widget elementor-widget-heading\" data-id=\"5a61a8f\" data-element_type=\"widget\" data-e-type=\"widget\" data-widget_type=\"heading.default\">\n\t\t\t\t<div class=\"elementor-widget-container\">\n\t\t\t\t\t<h2 class=\"elementor-heading-title elementor-size-default\">KOMISIA PRE SLOVANSK\u00da SLOVOTVORBU<\/h2>\t\t\t\t<\/div>\n\t\t\t\t<\/div>\n\t\t\t\t<div class=\"elementor-element elementor-element-0c7ff8a elementor-widget elementor-widget-text-editor\" data-id=\"0c7ff8a\" data-element_type=\"widget\" data-e-type=\"widget\" data-widget_type=\"text-editor.default\">\n\t\t\t\t<div class=\"elementor-widget-container\">\n\t\t\t\t\t\t\t\t\t<p>PRI MEDZIN\u00c1RODNOM KOMIT\u00c9TE SLAVISTOV<\/p>\t\t\t\t\t\t\t\t<\/div>\n\t\t\t\t<\/div>\n\t\t\t\t\t<\/div>\n\t\t\t\t<\/div>\n\t\t\t\t\t<\/div>\n\t\t<\/div>\n\t\t\t\t\t<\/div>\n\t\t<\/section>\n\t\t<div class=\"elementor-element elementor-element-fa458b4 e-flex e-con-boxed e-con e-parent\" data-id=\"fa458b4\" data-element_type=\"container\" data-e-type=\"container\" data-settings=\"{&quot;animation&quot;:&quot;none&quot;}\">\n\t\t\t\t\t<div class=\"e-con-inner\">\n\t\t\t\t<div class=\"elementor-element elementor-element-58424fc elementor-widget__width-inherit elementor-widget elementor-widget-heading\" data-id=\"58424fc\" data-element_type=\"widget\" data-e-type=\"widget\" data-settings=\"{&quot;_animation&quot;:&quot;none&quot;}\" data-widget_type=\"heading.default\">\n\t\t\t\t<div class=\"elementor-widget-container\">\n\t\t\t\t\t<h2 class=\"elementor-heading-title elementor-size-default\">Martin OLO\u0160TIAK<\/h2>\t\t\t\t<\/div>\n\t\t\t\t<\/div>\n\t\t\t\t\t<\/div>\n\t\t\t\t<\/div>\n\t\t<div class=\"elementor-element elementor-element-39a3d42 e-flex e-con-boxed e-con e-parent\" data-id=\"39a3d42\" data-element_type=\"container\" data-e-type=\"container\">\n\t\t\t\t\t<div class=\"e-con-inner\">\n\t\t<div class=\"elementor-element elementor-element-eb88dd5 e-con-full e-flex e-con e-child\" data-id=\"eb88dd5\" data-element_type=\"container\" data-e-type=\"container\">\n\t\t\t\t<div class=\"elementor-element elementor-element-3f02a20 elementor-widget elementor-widget-text-editor\" data-id=\"3f02a20\" data-element_type=\"widget\" data-e-type=\"widget\" data-widget_type=\"text-editor.default\">\n\t\t\t\t<div class=\"elementor-widget-container\">\n\t\t\t\t\t\t\t\t\t<table width=\"800\">\n<tbody>\n<tr>\n<td width=\"300\"><strong>Krajina \/ Country<\/strong><\/td>\n<td width=\"500\">Slovensko<\/td>\n<\/tr>\n<tr>\n<td width=\"300\"><strong>Afili\u00e1cia \/ Affiliation<\/strong><\/td>\n<td width=\"500\">Pre\u0161ovsk\u00e1 univerzita v\u00a0Pre\u0161ove<br>\n\nFilozofick\u00e1 fakulta<br>\n\nIn\u0161tit\u00fat slovakistiky a\u00a0medi\u00e1lnych \u0161t\u00fadi\u00ed<br>\n\nUl. 17. novembra 1<br>\n\n080 78 Pre\u0161ov<br>\n\nSlovensko<\/td>\n<\/tr>\n<tr>\n<td width=\"300\"><strong>E-mail<\/strong><\/td>\n<td width=\"500\">martin.olostiak@unipo.sk<\/td>\n<\/tr>\n<tr>\n<td width=\"300\"><strong>Rok narodenia \/ Year of birth<\/strong><\/td>\n<td width=\"500\">1978<\/td>\n<\/tr>\n<tr>\n<td width=\"300\"><strong>\u010clen slovotvornej komisie:<\/strong><\/td>\n<td width=\"500\">od r. 2007<\/td>\n<\/tr>\n<tr>\n<td width=\"300\"><strong>Akademick\u00e9 hodnosti \/ Academic titles<\/strong><\/td>\n<td width=\"500\">prof. Mgr. PhD.<\/td>\n<\/tr>\n<tr>\n<td width=\"300\"><strong>ORCID:<\/strong><\/td>\n<td width=\"500\">0000-0003-1239-7810<\/td>\n<\/tr>\n<tr>\n<td width=\"300\"><strong>V\u00fdskumn\u00e9 zameranie \/ Research interests<\/strong><\/td>\n<td width=\"500\">lexikol\u00f3gia, slovotvorba, onomastika, morfol\u00f3gia, jazykov\u00e9 kontakty<\/td>\n<\/tr>\n<tr>\n<td width=\"300\"><strong>Linky \/ Links<\/strong><\/td>\n<td width=\"500\">Univerzitn\u00fd profil:<br>\n<a href=\"https:\/\/www.unipo.sk\/filozoficka-fakulta\/martin-olostiak\" target=\"_blank\" rel=\"noopener\">https:\/\/www.unipo.sk\/filozoficka-fakulta\/martin-olostiak<\/a><br><br>\nBibliografia pred r. 2021:<br>\n\n<a href=\"https:\/\/www.pulib.sk\/web\/kniznica\/epc\/autor\/Olo%C5%A1tiak+Martin+%28ID-004393%29\" target=\"_blank\" rel=\"noopener\">https:\/\/www.pulib.sk\/web\/kniznica\/epc\/autor\/Olo%C5%A1tiak\n+Martin+%28ID-004393%29<\/a><br><br>\n\nBibliografia po r. 2022:<br>\n<a href=\"https:\/\/epc.pulib.sk\/epc\/v2\/catalog?author=0004393\" target=\"_blank\" rel=\"noopener\">https:\/\/epc.pulib.sk\/epc\/v2\/catalog?author=0004393<\/a><\/td>\n<\/tr>\n<\/tbody>\n<\/table>\t\t\t\t\t\t\t\t<\/div>\n\t\t\t\t<\/div>\n\t\t\t\t<\/div>\n\t\t<div class=\"elementor-element elementor-element-f12d2e4 e-con-full e-flex e-con e-child\" data-id=\"f12d2e4\" data-element_type=\"container\" data-e-type=\"container\">\n\t\t\t\t<div class=\"elementor-element elementor-element-5fc2edc elementor-widget elementor-widget-image\" data-id=\"5fc2edc\" data-element_type=\"widget\" data-e-type=\"widget\" data-widget_type=\"image.default\">\n\t\t\t\t<div class=\"elementor-widget-container\">\n\t\t\t\t\t\t\t\t\t\t\t\t\t\t\t<img fetchpriority=\"high\" decoding=\"async\" width=\"217\" height=\"300\" src=\"https:\/\/www.ff.unipo.sk\/slovotvorna-komisia\/wp-content\/uploads\/2024\/05\/olostiak-foto-217x300.jpg\" class=\"attachment-medium size-medium wp-image-2307\" alt=\"\" srcset=\"https:\/\/www.ff.unipo.sk\/slovotvorna-komisia\/wp-content\/uploads\/2024\/05\/olostiak-foto-217x300.jpg 217w, https:\/\/www.ff.unipo.sk\/slovotvorna-komisia\/wp-content\/uploads\/2024\/05\/olostiak-foto.jpg 347w\" sizes=\"(max-width: 217px) 100vw, 217px\" \/>\t\t\t\t\t\t\t\t\t\t\t\t\t\t\t<\/div>\n\t\t\t\t<\/div>\n\t\t\t\t<\/div>\n\t\t\t\t\t<\/div>\n\t\t\t\t<\/div>\n\t\t<div class=\"elementor-element elementor-element-7295fb1 e-flex e-con-boxed e-con e-parent\" data-id=\"7295fb1\" data-element_type=\"container\" data-e-type=\"container\">\n\t\t\t\t\t<div class=\"e-con-inner\">\n\t\t<div class=\"elementor-element elementor-element-450be4c e-flex e-con-boxed e-con e-child\" data-id=\"450be4c\" data-element_type=\"container\" data-e-type=\"container\">\n\t\t\t\t\t<div class=\"e-con-inner\">\n\t\t\t\t<div class=\"elementor-element elementor-element-be0add8 elementor-widget elementor-widget-text-editor\" data-id=\"be0add8\" data-element_type=\"widget\" data-e-type=\"widget\" data-widget_type=\"text-editor.default\">\n\t\t\t\t<div class=\"elementor-widget-container\">\n\t\t\t\t\t\t\t\t\t<h4><span style=\"color: #2c366a;\"><strong>V\u00fdberov\u00e1 bibliografia \/ Selected bibliography<\/strong><\/span><\/h4><p><span style=\"color: #2c366a;\"><strong style=\"background-color: transparent; text-align: var(--text-align);\">I. Kni\u017en\u00e9 publik\u00e1cie (monografie, u\u010debnice, slovn\u00edky) \/ Books (monographs, text-books, dictionaries)<\/strong><\/span><\/p><p><span style=\"color: #2c366a;\"><strong style=\"background-color: transparent; text-align: var(--text-align);\">a) Autor, spoluautor \/ author, co-author<\/strong><\/span><\/p><p>Olo\u0161tiak, M. et al.: <em>Neologizmy a neologiz\u00e1cia v\u00a0lingvistickej reflexii<\/em>. Pre\u0161ov 2023. <a href=\"https:\/\/www.pulib.sk\/web\/kniznica\/elpub\/dokument\/Olostiak27\">Online<\/a>.<\/p><p>Olo\u0161tiak, M. \u2013 Ivanov\u00e1, M. \u2013 Palkov\u00e1, L. \u2013 Vu\u017e\u0148\u00e1kov\u00e1, K.: <em>Slovn\u00edk slovotvorn\u00fdch prostriedkov v\u00a0sloven\u010dine<\/em>. Pre\u0161ov 2021. <a href=\"http:\/\/www.pulib.sk\/web\/kniznica\/elpub\/dokument\/Olostiak24\">Online<\/a>.<\/p><p>Olo\u0161tiak, M. et al.: <em>Kapitoly zo slovotvornej adapt\u00e1cie prevzat\u00fdch slov v sloven\u010dine<\/em>. Pre\u0161ov 2021. <a href=\"https:\/\/www.pulib.sk\/web\/kniznica\/elpub\/dokument\/Olostiak25\">Online<\/a>.<\/p><p>Olo\u0161tiak, M.: <em>Onymick\u00e1 a\u00a0deonymick\u00e1 nomin\u00e1cia<\/em>. Pre\u0161ov 2018. <a href=\"https:\/\/www.pulib.sk\/web\/kniznica\/elpub\/dokument\/Olostiak17\">Online<\/a>.<\/p><p>Olo\u0161tiak, M. \u2013 Vojtekov\u00e1, M. \u2013 Ori\u0148\u00e1kov\u00e1, S.: <a name=\"_Toc428645365\"><\/a><a name=\"_Toc435273198\"><\/a><a name=\"_Toc3044884\"><\/a><em>Slovotvorn\u00e1 adapt\u00e1cia a kompozitnos\u0165 v\u00a0sloven\u010dine<\/em>. Pre\u0161ov 2018. <a href=\"https:\/\/www.pulib.sk\/web\/kniznica\/elpub\/dokument\/Olostiak16\">Online<\/a>.<\/p><p>Olo\u0161tiak, M. \u2013 Palkov\u00e1, L. \u2013 Gavurov\u00e1, M. \u2013 Re\u0161ovsk\u00e1, S.: <em>Slovn\u00edk slovensk\u00fdch epon\u00fdm<\/em>. Pre\u0161ov 2018. <a href=\"https:\/\/www.pulib.sk\/web\/kniznica\/elpub\/dokument\/Olostiak21\">Online<\/a>.<\/p><p>Olo\u0161tiak, M. \u2013 Olo\u0161tiakov\u00e1, L.: <em>Morfematika a\u00a0slovotvorba sloven\u010diny.<\/em> Pre\u0161ov 2018. <a href=\"https:\/\/www.pulib.sk\/web\/kniznica\/elpub\/dokument\/Olostiak22\">Online<\/a>.<\/p><p>Olo\u0161tiak, M.: <em>Slovotvorba, slovnodruhov\u00e9 prechody, preberanie a\u00a0skracovanie lex\u00e9m<\/em>. Pre\u0161ov 2017. <a href=\"http:\/\/www.pulib.sk\/web\/kniznica\/elpub\/dokument\/Olostiak11\">Online<\/a>.<\/p><p>Olo\u0161tiak, M.: <em>Lexik\u00e1lna paradigmatika, s\u00e9mantika a kombinatorika<\/em>. Pre\u0161ov 2017. <a href=\"http:\/\/www.pulib.sk\/web\/kniznica\/elpub\/dokument\/Olostiak10\">Online<\/a>.<\/p><p>Olo\u0161tiak, M. et al.: <em>Viacslovn\u00e9 pomenovania v\u00a0sloven\u010dine<\/em>. Pre\u0161ov 2015. <a href=\"https:\/\/www.pulib.sk\/web\/kniznica\/elpub\/dokument\/Olostiak20\">Online<\/a>.<\/p><p>Olo\u0161tiak, M. et al.: <em>Kvalitat\u00edvne a\u00a0kvantitat\u00edvne aspekty tvorenia slov v\u00a0sloven\u010dine.<\/em> Pre\u0161ov 2015. <a href=\"https:\/\/www.pulib.sk\/web\/kniznica\/elpub\/dokument\/Olostiak18\">Online<\/a>.<\/p><p>Olo\u0161tiak, M. \u2013 Gen\u010di, J. \u2013 Re\u0161ovsk\u00e1, S.: <em>Retrogr\u00e1dny morfematick\u00fd slovn\u00edk sloven\u010diny.<\/em> Pre\u0161ov 2015. <a href=\"https:\/\/www.pulib.sk\/web\/kniznica\/elpub\/dokument\/Olostiak19\">Online<\/a>.<\/p><p>Olo\u0161tiak, M. \u2013 Ivanov\u00e1, M.: <em>Kapitoly z\u00a0lexikol\u00f3gie (lexik\u00e1lna syntagmatika a viacslovn\u00e9 pomenovania)<\/em>. Pre\u0161ov 2013.<\/p><p>Gianitsov\u00e1-Olo\u0161tiakov\u00e1, L. \u2013 Olo\u0161tiak, M. \u2013 Bel\u00e1kov\u00e1, M.: <em>P\u00ed\u0161em bez ch\u00fdb<\/em>. Bratislava 2013.<\/p><p>Sokolov\u00e1, M. \u2013 Olo\u0161tiak, M. \u2013 Ivanov\u00e1, M. et al.: <em>Slovn\u00edk kore\u0148ov\u00fdch morf\u00e9m sloven\u010diny<\/em>. 2005, 2007, 2012.<\/p><p>Olo\u0161tiak, M.: <em>Aspekty te\u00f3rie lexik\u00e1lnej motiv\u00e1cie<\/em>. Pre\u0161ov 2011.<\/p><p>Olo\u0161tiak, M. \u2013 Gianitsov\u00e1-Olo\u0161tiakov\u00e1, L.: <em>Kde sa p\u00ed\u0161u ve\u013ek\u00e9 p\u00edsmen\u00e1?<\/em> Bratislava 2011.<\/p><p>Gianitsov\u00e1-Olo\u0161tiakov\u00e1, L. \u2013 Olo\u0161tiak, M.: <em>Slovensk\u00fd jazyk v\u00a0kocke (pre z\u00e1kladn\u00e9 \u0161koly a\u00a0ni\u017e\u0161ie ro\u010dn\u00edky viacro\u010dn\u00fdch gymn\u00e1zi\u00ed)<\/em>. Bratislava 2008.<\/p><p>Olo\u0161tiak, M.: <em>Jazykovo\u0161trukt\u00farny a\u00a0komunika\u010dno-pragmatick\u00fd status vlastn\u00e9ho mena (adapt\u00e1cia anglick\u00fdch propri\u00ed v\u00a0sloven\u010dine)<\/em>. Pre\u0161ov 2007.<\/p><p>Olo\u0161tiak, M. \u2013 Gianitsov\u00e1-Olo\u0161tiakov\u00e1, L.: <em>Deklin\u00e1cia prevzat\u00fdch substant\u00edv v\u00a0sloven\u010dine<\/em>. Pre\u0161ov 2007.<\/p><p>Olo\u0161tiak, M. \u2013 Gianitsov\u00e1-Olo\u0161tiakov\u00e1, L.: <em>Krok za krokom k\u00a0maturite. Slovensk\u00fd jazyk<\/em>. Bratislava 2007.<\/p><p>Olo\u0161tiak, M. \u2013 Bil\u00e1, M. \u2013 Timkov\u00e1, R.: <em>Slovn\u00edk anglick\u00fdch vlastn\u00fdch mien v\u00a0sloven\u010dine (pre prekladate\u013eov, redaktorov, jazykov\u00fdch korektorov, \u0161tudentov)<\/em>. Bratislava 2006.<\/p><p><span style=\"color: #2c366a;\"><strong style=\"background-color: transparent; text-align: var(--text-align);\">b) Editor, spolueditor \/ editor, co-editor<\/strong><\/span><\/p><p>Olo\u0161tiak, M. \u2013 Lipt\u00e1kov\u00e1, \u013d. \u2013 Bedn\u00e1rov\u00e1-Gibov\u00e1, K. (eds.): <em>Slovansk\u00e1 slovotvorba. Synchr\u00f3nia, inov\u00e1cie, neologiz\u00e1cia.<\/em> Pre\u0161ov 2022. <a href=\"https:\/\/www.pulib.sk\/web\/kniznica\/elpub\/dokument\/Olostiak26\">Online<\/a>.<\/p><p>Kesselov\u00e1, J. \u2013 Imrichov\u00e1, M. \u2013 Olo\u0161tiak, M. (eds.): <em>Registre jazyka a\u00a0jazykovedy (I). Na po\u010des\u0165 Daniely Slan\u010dovej.<\/em> Pre\u0161ov 2014. <a href=\"http:\/\/www.pulib.sk\/web\/kniznica\/elpub\/dokument\/Kesselova3\">Online<\/a>.<\/p><p>Kesselov\u00e1, J. \u2013 Imrichov\u00e1, M. \u2013 Olo\u0161tiak, M. (eds.): <em>Registre jazyka a\u00a0jazykovedy. II. Na po\u010des\u0165 Daniely Slan\u010dovej.<\/em> Pre\u0161ov 2014. <a href=\"http:\/\/www.pulib.sk\/web\/kniznica\/elpub\/dokument\/Kesselova4\">Online<\/a>.<\/p><p>Olo\u0161tiak, M. \u2013 Sis\u00e1k, L. (eds.): <em>Od morf\u00e9m ku komplexn\u00fdm slov\u00e1m a\u00a0ich paradigm\u00e1m. V\u00fdraz, v\u00fdznam, funkcia<\/em>. Pre\u0161ov 2013.<\/p><p>Olo\u0161tiak, M. (ed.): <em>Jednotliv\u00e9 a\u00a0v\u0161eobecn\u00e9 v\u00a0onomastike. 18. slovensk\u00e1 onomastick\u00e1 konferencia<\/em>. Pre\u0161ov 2012. <a href=\"https:\/\/www.pulib.sk\/web\/kniznica\/elpub\/dokument\/Olostiak3\">Online<\/a>.<\/p><p>Olo\u0161tiak, M. \u2013 Ivanov\u00e1, M. \u2013 Slan\u010dov\u00e1, D. (eds.): <em>Vidy jazyka a\u00a0jazykovedy. Na po\u010des\u0165 Miloslavy Sokolovej<\/em>. Pre\u0161ov 2011. <a href=\"http:\/\/www.pulib.sk\/elpub2\/FF\/Olostiak2\/index.html\">Online<\/a>.<\/p><p>Olo\u0161tiak, M. (ed.): Furd\u00edk. J.: <em>Te\u00f3ria motiv\u00e1cie v\u00a0lexik\u00e1lnej z\u00e1sobe<\/em>. Ko\u0161ice 2008.<\/p><p>Olo\u0161tiak, M. (ed.): <em>Lexik\u00e1lna s\u00e9mantika a\u00a0derivatol\u00f3gia. <\/em><em>Zborn\u00edk pr\u00edspevkov z\u00a0medzin\u00e1rodnej vedeckej konferencie, konanej pri pr\u00edle\u017eitosti \u017eivotn\u00e9ho jubilea prof. PhDr. Juraja Furd\u00edka, CSc.<\/em> Ko\u0161ice 2007.<\/p><p>Sokolov\u00e1, M. \u2013 Ivanov\u00e1, M. \u2013 Olo\u0161tiak, M. (eds.): <em>Morfematick\u00fd v\u00fdskum sloven\u010diny (mo\u017enosti jeho \u0161tatistick\u00e9ho, elektronick\u00e9ho a\u00a0didaktick\u00e9ho spracovania).<\/em> Pre\u0161ov 2006.<\/p><p>Olo\u0161tiak, M. \u2013 Gianitsov\u00e1-Olo\u0161tiakov\u00e1, L. (eds.): Furd\u00edk, J.: <em>\u017divot so slovotvorbou a\u00a0lexikol\u00f3giou. V\u00fdber \u0161t\u00fadi\u00ed pri pr\u00edle\u017eitosti nedo\u017eit\u00fdch sedemdesiatin<\/em>. Ko\u0161ice 2005.<\/p><p>Olo\u0161tiak, M. (ed.): Furd\u00edk. J.: <em>Slovensk\u00e1 slovotvorba (te\u00f3ria, opis, cvi\u010denia).<\/em> Pre\u0161ov 2004.<\/p><p><span style=\"color: #2c366a;\"><strong style=\"background-color: transparent; text-align: var(--text-align);\">c) Kapitoly v\u00a0monografi\u00e1ch \/ Chapters in monographs<\/strong><\/span><\/p><p>Olo\u0161tiak, Martin \u2013 Gianitsov\u00e1-Olo\u0161tiakov\u00e1, Lucia: Neologiz\u00e1cia a neologizmy z\u00a0poh\u013eadu te\u00f3rie lexik\u00e1lnej motiv\u00e1cie. In: Inova\u010dn\u00ed procesy v\u00a0\u010de\u0161tin\u011b a\u00a0j\u00ed bl\u00edzc\u00edch jazyc\u00edch. Ed. D. Hradilov\u00e1. Olomouc: Univerzita Palack\u00e9ho v\u00a0Olomouci 2018, s. 9 \u2013 40.<\/p><p>Ivanov\u00e1, Martina \u2013 Olo\u0161tiak, Martin: Slovak. In: Word-formation: an International Handbook of the Languages of Europe. Volume 4. Eds. P. O. M\u00fcller \u2013 I. Ohnheiser \u2013 S. Olsen \u2013 F. Rainer. Berlin \u2013 New York: Mouton de Gruyter 2016, s. 2892 \u2013 2912.<\/p><p>Olo\u0161tiak, Martin: Morfol\u00f3gia vlastn\u00fdch mien. In: Morfologick\u00e9 aspekty s\u00fa\u010dasnej sloven\u010diny. Ed. J. Doln\u00edk. Bratislava: VEDA, vydavate\u013estvo SAV 2010, s. 97 \u2013 134.<\/p><p><span style=\"color: #2c366a;\"><strong style=\"background-color: transparent; text-align: var(--text-align);\">II. \u0160t\u00fadie (pr\u00edspevky v\u00a0\u010dasopisoch, zborn\u00edkoch) \/ Studies (journal articles, proceedings papers, etc.)<\/strong><\/span><\/p><p>Olo\u0161tiak, Martin: Nomina\u010dn\u00e9 aspekty lexiky a te\u00f3ria lexik\u00e1lnej motiv\u00e1cie. In: Ju\u017enoslovenski filolog, 2023, ro\u010d. 79, \u010d. 1, s. 97 \u2013 120. <a href=\"https:\/\/www.ceeol.com\/search\/article-detail?id=1206670\">Online<\/a>.<\/p><p>Olo\u0161tiak, Martin (70 %) \u2013 Ori\u0148\u00e1kov\u00e1, Slavka (30 %): Kompozitn\u00e9 pomenovania s\u00a0internacion\u00e1lnymi numer\u00e1lnymi komponentmi v\u00a0sloven\u010dine. In: Slovensk\u00e1 re\u010d, 2023, ro\u010d. 88, \u010d. 2, s. 63 \u2013 105. <a href=\"https:\/\/www.sav.sk\/?lang=sk&amp;doc=journal-list&amp;part=article_response_page&amp;journal_article_no=31726\">Online<\/a>.<\/p><p>Olo\u0161tiak, Martin (100 %): Slovotvorn\u00e9 a\u00a0morfematick\u00e9 v\u00fdskumy v\u00a0\u010dasopise Slovensk\u00e1 re\u010d. In: Slovensk\u00e1 re\u010d, 2022, ro\u010d. 87, \u010d. 3, s. 262 \u2013 282. <a href=\"https:\/\/www.sav.sk\/?lang=sk&amp;doc=journal-list&amp;part=article_response_page&amp;journal_article_no=29773\">Online<\/a>.<\/p><p>Martin Olo\u0161tiak (100 %): Dynamika slovnej z\u00e1soby s\u00fa\u010dasnej a\u00a0najs\u00fa\u010dasnej\u0161ej sloven\u010diny (mimojazykov\u00e9 s\u00favislosti). In: Chocholov\u00e1, B. (ed.): \u010clovek a\u00a0jeho jazyk 5. Povaha jazyka a\u00a0jej pozn\u00e1vanie. Bratislava: VEDA, vydavate\u013estvo Slovenskej akad\u00e9mie vied 2022, s. 102 \u2013 127.<\/p><p>Martin Olo\u0161tiak (100 %): Onomastika a\u00a0te\u00f3ria lexik\u00e1lnej motiv\u00e1cie. In: B\u00e1nik, T. \u2013 Bauko, J. (eds.): Vlastn\u00e9 men\u00e1 v\u00a0interdisciplin\u00e1rnom kontexte. 21. slovensk\u00e1 onomastick\u00e1 konferencia. Nitra 10. \u2013 12. 9. 2019. Zborn\u00edk refer\u00e1tov. Nitra: Univerzita Kon\u0161tant\u00edna Filozofa 2022, s. 11 \u2013 38.<\/p><p>Olo\u0161tiak, Martin (50 %) \u2013 Re\u0161ovsk\u00e1, So\u0148a (50 %): Neologisms of English Origin in Present-Day Slovak. In: ELOPE: English Language Overseas Perspectives and Enquiries, 2022, ro\u010d. 19, \u010d. 2, s. 87 \u2013 108. DOI: <a href=\"https:\/\/doi.org\/10.4312\/elope.19.2.87-108\">https:\/\/doi.org\/10.4312\/elope.19.2.87-108<\/a><\/p><p>Olo\u0161tiak, Martin: Z\u00a0dej\u00edn modernej slovenskej derivatol\u00f3gie. In: Ju\u017enoslovenski filolog, 2021, ro\u010d. 77, \u010d. 2, s.\u00a075 \u2013 104. <a href=\"https:\/\/dais.sanu.ac.rs\/bitstream\/handle\/123456789\/12671\/olostiak.derivat.2021.pdf?sequence=1&amp;isAllowed=y\">Online<\/a>.<\/p><p>Olo\u0161tiak, Martin (50 %) \u2013 Re\u0161ovsk\u00e1, So\u0148a (50 %): A\u00a0Dictionary of Slovak Neologisms (A Project Description). In: International Journal of Lexicography, 2021, ro\u010d. 34, \u010d. 3, s. 302 \u2013 314. <a href=\"https:\/\/doi.org\/10.1093\/ijl\/ecaa029\">https:\/\/doi.org\/10.1093\/ijl\/ecaa029<\/a><\/p>\t\t\t\t\t\t\t\t<\/div>\n\t\t\t\t<\/div>\n\t\t\t\t\t<\/div>\n\t\t\t\t<\/div>\n\t\t\t\t\t<\/div>\n\t\t\t\t<\/div>\n\t\t\t\t<section class=\"elementor-section elementor-top-section elementor-element elementor-element-2f359da4 elementor-section-boxed elementor-section-height-default elementor-section-height-default\" data-id=\"2f359da4\" data-element_type=\"section\" data-e-type=\"section\" id=\"footer_section\" data-settings=\"{&quot;background_background&quot;:&quot;classic&quot;}\">\n\t\t\t\t\t\t<div class=\"elementor-container elementor-column-gap-default\">\n\t\t\t\t\t<div class=\"elementor-column elementor-col-100 elementor-top-column elementor-element elementor-element-739ae4fd\" data-id=\"739ae4fd\" data-element_type=\"column\" data-e-type=\"column\">\n\t\t\t<div class=\"elementor-widget-wrap elementor-element-populated\">\n\t\t\t\t\t\t<section class=\"elementor-section elementor-inner-section elementor-element elementor-element-7ea36119 elementor-section-content-middle elementor-section-full_width elementor-section-height-default elementor-section-height-default\" data-id=\"7ea36119\" data-element_type=\"section\" data-e-type=\"section\">\n\t\t\t\t\t\t<div class=\"elementor-container elementor-column-gap-no\">\n\t\t\t\t\t<div class=\"elementor-column elementor-col-50 elementor-inner-column elementor-element elementor-element-4d63e751\" data-id=\"4d63e751\" data-element_type=\"column\" data-e-type=\"column\">\n\t\t\t<div class=\"elementor-widget-wrap elementor-element-populated\">\n\t\t\t\t\t\t<div class=\"elementor-element elementor-element-7a72dbd2 elementor-widget elementor-widget-text-editor\" data-id=\"7a72dbd2\" data-element_type=\"widget\" data-e-type=\"widget\" data-widget_type=\"text-editor.default\">\n\t\t\t\t<div class=\"elementor-widget-container\">\n\t\t\t\t\t\t\t\t\t<p style=\"text-align: left;\"><span style=\"color: #ff0003;\">\u00a9 2024 \u2013 2026 | Komisia pre slovansk\u00fa slovotvorbu<\/span><\/p>\t\t\t\t\t\t\t\t<\/div>\n\t\t\t\t<\/div>\n\t\t\t\t\t<\/div>\n\t\t<\/div>\n\t\t\t\t<div class=\"elementor-column elementor-col-50 elementor-inner-column elementor-element elementor-element-3ecae40f\" data-id=\"3ecae40f\" data-element_type=\"column\" data-e-type=\"column\">\n\t\t\t<div class=\"elementor-widget-wrap elementor-element-populated\">\n\t\t\t\t\t\t<div class=\"elementor-element elementor-element-7121232d elementor-widget elementor-widget-text-editor\" data-id=\"7121232d\" data-element_type=\"widget\" data-e-type=\"widget\" data-widget_type=\"text-editor.default\">\n\t\t\t\t<div class=\"elementor-widget-container\">\n\t\t\t\t\t\t\t\t\t<p style=\"text-align: right;\"><span style=\"color: #ff0003;\">webdesign \u00a9 2024 \u2013 2026 Marianna Kraviarov\u00e1<\/span><\/p>\t\t\t\t\t\t\t\t<\/div>\n\t\t\t\t<\/div>\n\t\t\t\t\t<\/div>\n\t\t<\/div>\n\t\t\t\t\t<\/div>\n\t\t<\/section>\n\t\t\t\t\t<\/div>\n\t\t<\/div>\n\t\t\t\t\t<\/div>\n\t\t<\/section>\n\t\t\t\t<\/div>\n\t\t","protected":false},"excerpt":{"rendered":"<p>KOMISIA PRE SLOVANSK\u00da SLOVOTVORBU PRI MEDZIN\u00c1RODNOM KOMIT\u00c9TE SLAVISTOV Martin OLO\u0160TIAK Krajina \/ Country Slovensko Afili\u00e1cia \/ Affiliation Pre\u0161ovsk\u00e1 univerzita v\u00a0Pre\u0161ove Filozofick\u00e1 fakulta In\u0161tit\u00fat slovakistiky a\u00a0medi\u00e1lnych \u0161t\u00fadi\u00ed Ul. 17. novembra 1 080 78 Pre\u0161ov Slovensko E-mail martin.olostiak@unipo.sk Rok narodenia \/ Year of birth 1978 \u010clen slovotvornej komisie: od r. 2007 Akademick\u00e9 hodnosti \/ Academic titles prof. [&hellip;]<\/p>\n","protected":false},"author":1,"featured_media":0,"parent":1582,"menu_order":1,"comment_status":"closed","ping_status":"closed","template":"","meta":{"footnotes":""},"class_list":["post-2483","page","type-page","status-publish","hentry"],"_links":{"self":[{"href":"https:\/\/www.ff.unipo.sk\/slovotvorna-komisia\/wp-json\/wp\/v2\/pages\/2483","targetHints":{"allow":["GET"]}}],"collection":[{"href":"https:\/\/www.ff.unipo.sk\/slovotvorna-komisia\/wp-json\/wp\/v2\/pages"}],"about":[{"href":"https:\/\/www.ff.unipo.sk\/slovotvorna-komisia\/wp-json\/wp\/v2\/types\/page"}],"author":[{"embeddable":true,"href":"https:\/\/www.ff.unipo.sk\/slovotvorna-komisia\/wp-json\/wp\/v2\/users\/1"}],"replies":[{"embeddable":true,"href":"https:\/\/www.ff.unipo.sk\/slovotvorna-komisia\/wp-json\/wp\/v2\/comments?post=2483"}],"version-history":[{"count":16,"href":"https:\/\/www.ff.unipo.sk\/slovotvorna-komisia\/wp-json\/wp\/v2\/pages\/2483\/revisions"}],"predecessor-version":[{"id":3461,"href":"https:\/\/www.ff.unipo.sk\/slovotvorna-komisia\/wp-json\/wp\/v2\/pages\/2483\/revisions\/3461"}],"up":[{"embeddable":true,"href":"https:\/\/www.ff.unipo.sk\/slovotvorna-komisia\/wp-json\/wp\/v2\/pages\/1582"}],"wp:attachment":[{"href":"https:\/\/www.ff.unipo.sk\/slovotvorna-komisia\/wp-json\/wp\/v2\/media?parent=2483"}],"curies":[{"name":"wp","href":"https:\/\/api.w.org\/{rel}","templated":true}]}}